 = 0. Let s be (1/(-2))/(2/40912). Let t = m - s. Is t a composite number?
False
Suppose -2*u + 154716 = 2*z, -3*u - 2*z + 213411 + 18670 = 0. Is u prime?
False
Suppose 27920 = 2*i - a, 45*i + 5*a = 42*i + 41841. Is i composite?
True
Suppose 72*z = 76*z + 68. Is (z/(357/14))/(2/(-10461)) prime?
False
Let x(s) = 83*s - 165*s + s**2 - 1 + 5077*s**3 + 83*s - 2 - 1643*s**3. Is x(1) composite?
False
Let j(v) = v**3 + 6*v**2 - 8*v - 3. Let u be j(-7). Suppose 0 = -u*k - 4, -4*h + 5*k - 15 = 28. Is (3/(-2))/(h/(-844))*-10 a prime number?
False
Let r(i) = 32901*i**2 - 8*i - 1. Is r(2) a prime number?
False
Suppose 17*y - 10*y + 42 = 0. Is -5 - (-5515 + (y - -7)) a prime number?
False
Let c = -28 + 31. Let d be (107/(-2) + c)/(4/(-8)). Let y = d + -12. Is y a prime number?
True
Is 95223/(3*13/39) composite?
True
Let c = 31653 + -15079. Is c a prime number?
False
Let h(x) = 3*x**2 - 4*x + 3. Suppose -2*a + 6*a + 144 = 0. Let c = a - -32. Is h(c) a composite number?
False
Suppose s + 5*b - 3190 = 3916, 0 = 2*s - 4*b - 14212. Suppose -5*f = -3*f - d - 14239, 0 = -f + 5*d + s. Is f prime?
True
Let k(y) = -38336*y - 39. Let q be k(-1). Suppose 3*u = -2*z + q, 77445 = 4*u + 4*z + 26377. Is u a composite number?
False
Let w(n) = 6*n**2 + 4*n + 34. Let q = 150 - 168. Is w(q) a prime number?
False
Let s = -390 - -1092. Let a = s + 414. Let w = a + -697. Is w composite?
False
Let f(h) = 1532*h + 45. Let a be f(-9). Is (-8)/(56/a) + (-4)/14 a prime number?
False
Suppose 232 = 11*x - 428. Suppose -19506 = x*r - 63*r. Is r composite?
True
Let d = 302672 + -213523. Is d a prime number?
False
Suppose 5*h - 2247805 = -3*d, -4*h - 8*d = -10*d - 1798244. Is h prime?
False
Suppose 71*r - 169*r + 19984126 = 228*r. Is r composite?
True
Let p = -696 + 721. Suppose -p*k = -1892109 - 31616. Is k composite?
False
Let f(j) = 652*j**2 - 181*j + 5. Is f(-18) prime?
False
Is 15385517/93 - 10*2/(-6) a prime number?
False
Suppose 0 = g + 1, -g - g = -a + 18265. Is a prime?
False
Let t = -8 - 71. Let o be 3/(-27)*t - (-4)/18. Suppose 17*y = o*y + 264. Is y prime?
False
Let y(g) = 283*g**3 + 20*g - 124. Is y(7) a prime number?
False
Let u be 8 - (2 - (-5 + 4)/1). Suppose 0 = -u*a + 281 + 14. Is a a composite number?
False
Suppose -z + 168912 = 3*s, -17*s + z = -12*s - 281528. Is s a composite number?
True
Suppose -3*t = 24*t + 136458. Is (t/(-6) - (-10)/15) + -1 composite?
True
Suppose -1860817 - 5438552 = -21*d. Is ((d/(-55))/9)/((-2)/10) a prime number?
True
Suppose -2*i = 101367 - 428893. Is i prime?
False
Let r(u) = -3150*u + 1535. Is r(-12) prime?
False
Suppose 2*w - 56 = -12*w. Suppose 3*t - 4*t + 219 = -4*z, 0 = -w*t - 3*z + 838. Is t composite?
False
Let h = -70 - -107. Let i = 27 - h. Is (-184)/10*i/4 + 3 a prime number?
False
Suppose -21*q - 464391 = -766831 - 2284823. Is q composite?
False
Let f = 106452 + -26183. Is f prime?
False
Suppose 4*m + 2*b - 174 = 0, -b = -5*m + b + 213. Let i = 43 - m. Suppose i = 48*n - 46*n - 254. Is n prime?
True
Let b(x) = -4*x - 53 - 5*x - 14*x + 28*x. Let k be b(26). Suppose 4*m + k = 5*m. Is m a prime number?
False
Suppose -61037 + 16671 = -i - 5*q, -88717 = -2*i - 5*q. Is i a composite number?
False
Let x(q) = 4 + 2*q**2 - 5 + 9 + 5*q + 8. Is x(13) a composite number?
False
Is (-303542598)/(-518) - 4/7 a composite number?
False
Let n = 424371 - 111262. Is n prime?
True
Let n(u) = 52*u**3 - u**2 - u + 7. Let b be (-23 - 4)/(-3) + (-3)/1. Suppose -g = c - 7, -5*g + 2 = -4*c - b. Is n(c) prime?
True
Suppose -2*l + 3*p = -6226, 0 = -4*l - l + 5*p + 15570. Let n = l - 1604. Suppose -3*u = -n - 465. Is u a composite number?
False
Let d(m) = 383*m + 122. Let x be d(-11). Let s = x + 6672. Is s prime?
False
Let o = -70 + 75. Suppose 3016 = -o*z + 9311. Is z composite?
False
Suppose 45*v = 2*p - 2018418, -3*p - 611450 = 4*v - 3639649. Is p composite?
True
Suppose -w = w + 8. Let o be w/(-18) + 75/(-27)*-1. Suppose -o*y + 1012 = y. Is y composite?
True
Let g = -38 - 15. Let o = 44 + g. Let q(t) = 4*t**2 + t + 4. Is q(o) a composite number?
True
Suppose 10 + 14 = 4*y. Let b be 2/(-9) - 5/18 - (-142)/4. Suppose -b = -y*i + 511. Is i prime?
False
Is 2/12 - (15 + (-1599415)/30) composite?
False
Suppose 0 = -t - 3*u + 44867, -2*t + 23*u - 25*u = -89726. Is t prime?
False
Let n(h) = 89*h**3 + 24*h - 86*h**3 - 7*h**2 + 12 + 5*h**2 - 16*h**2 + 1. Is n(12) a prime number?
False
Let h be (8/2)/4*(-3 - 1). Is h/4*(-25790)/2 a prime number?
False
Suppose 0 = 21*w - 16685 - 215050. Let z = w + -7877. Is z a prime number?
False
Let p = -162 - -232. Let j(s) = -p + 34 - 12*s + 35. Is j(-11) a composite number?
False
Let m = -18220 + 565001. Is m prime?
True
Let q = 142469 + 27348. Is q a prime number?
True
Let p = 2629 + -1464. Let j = p + -756. Is j composite?
False
Is (333214 + -13 - -26)*(-1)/(-1) composite?
False
Let k(b) = -110088*b - 5339. Is k(-5) a prime number?
False
Let k = 59 + -59. Suppose -84*c + 90*c - 51726 = k. Is c a composite number?
True
Suppose -28473 = -3*s + 2*x, 32*x + 37947 = 4*s + 35*x. Is s a prime number?
False
Suppose -4*i + 9543 = -t + 824, 4*t - 4346 = -2*i. Suppose 691 = q - 735. Let a = i - q. Is a a composite number?
True
Let w(b) be the third derivative of -29*b**7/336 - 13*b**6/720 - 3*b**5/10 + 14*b**2. Let q(j) be the third derivative of w(j). Is q(-4) a prime number?
False
Let j = 198716 + -64405. Is j a composite number?
True
Is 8/2*27/(-864) - (-5025915)/24 prime?
False
Let i(z) = 101*z - 8. Let d(n) = -1. Let l(r) = 5*d(r) - i(r). Let q be l(-8). Suppose 4*o - q = 1273. Is o prime?
True
Let g(f) = 11701*f + 656. Is g(3) a composite number?
False
Let n(q) = -q**3 + 6*q**2 - 3*q. Let d be n(4). Suppose -8*a = -d*a + 8328. Suppose -4*r = -a + 122. Is r a prime number?
False
Suppose -182*a - 1559339 = -5*p - 178*a, 2*a = -2. Is p a composite number?
False
Let j = -7064 + 16027. Is j prime?
True
Suppose 31*f - 57900 = 21*f. Let o = f - 2773. Is o a composite number?
True
Let i(a) = -77*a - 6. Let l = -8 - 4. Let o = 7 + l. Is i(o) a composite number?
False
Is ((-5)/2 - -1)/((-106)/212) + 46298 a prime number?
True
Is 0 - -9 - (29 + -25527) composite?
True
Let y be 40/6 - (-7)/(105/(-10)). Let z(w) = -29 + 67 - y - 15*w. Is z(-15) a composite number?
False
Suppose 25*m - 28*m + 9 = h, 5*h = -4*m + 23. Suppose 5*a - 19793 = 2*u, -a + 583 + 3373 = -h*u. Is a prime?
False
Suppose -32*h - 5019643 = -41400155. Is h a composite number?
True
Suppose -2*o + o + 144 = 4*p, -3*o - 72 = -2*p. Is 3428 + 23/5 + p/90 prime?
True
Let q be 4/(-4)*-1277 - 1. Suppose -5*r - 4*c = q - 3610, 3 = 3*c. Suppose 5*v = 3*i - 4*i + r, 0 = -2*i + 3*v + 971. Is i composite?
True
Suppose 4 = 4*t + 10*k - 7*k, -t - 16 = 5*k. Suppose -29284 - 69024 = -t*b. Is b composite?
True
Let y(k) = 436*k**2 - 12*k + 15. Let m = 187 + -185. Is y(m) a prime number?
False
Suppose 2*t + 4 = 4*t + 2*c, -11 = -5*t - 4*c. Suppose 18030 = 7*k - 3*k + m, 3*k + t*m - 13527 = 0. Is k a prime number?
True
Suppose 3*s = 11*h - 7*h - 79624, 2*s + 79620 = 4*h. Is h composite?
True
Let x(t) be the first derivative of -343*t**2/2 - 22*t + 32. Is x(-5) prime?
True
Suppose -20*m = -24*m - 8. Let r(n) = -62*n**3 + n**2 - 5*n - 7. Is r(m) composite?
False
Let a(k) = 23*k**2 - 12*k - 16. Suppose -3*o = 3*u - 15, 0 = -3*u + 7*u - o - 15. Suppose -8 = u*s + 5*z, 4*s = -7*z + 11*z - 44. Is a(s) a prime number?
False
Suppose -2*u + 18 = -5*u. Let z be (-17208)/26 + 9/(351/u). Let b = -15 - z. Is b a composite number?
False
Let b be (-63)/(-18) - (0 + 2/(-4)). Suppose b*v + 11 = 5*j, 2*j - 9 = -5*v + 2*v. Suppose -3556 = j*p - 7*p. Is p a prime number?
False
Suppose -4*b = o + 2, 5*b + 234 = -o + 231. Let j(c) = 55*c**2 + 10*c**2 - 13*c**2 - 4 + 5*c. Is j(o) composite?
True
Let n = -203 + 212. Suppose -4*h = 2*q - 24490, 0 = h + 13*q - n*q - 6133. Is h prime?
True
Suppose r = 5*k + 10, 45 = -k - 5*r + 17. Let w be 4 + -7 + 4 + k*1. Is (1 + 17/w)*(-3766)/21 prime?
False
Suppose -21*p - 15938551 = -39700324. Is p a composite number?
True
Suppose -407*q - 5*s = -411*q + 523483, -q + 130876 = -3*s. Is q a composite number?
True
Suppose 48 + 38 = -2*x. Let a = 1 - -53. Let m = a + x. Is m composite?
False
Let j(u) = u**3 + 16*u**2 - 14*u + 33. Let n be j(-17). Let x = -12 - n. Suppose 0 = -3*q - 